n(4).
13, 41
Suppose 139*x + j = 137*x + 7879, 3*j + 11832 = 3*x. What are the prime factors of x?
7, 563
Suppose -p = -3*b - 1487, 1553 = 5*p - 4*b - 5893. List the prime factors of p.
2, 5, 149
Suppose -37 = -4*a + 123. Let n be (2/2 - 1)/(36 - 37). Suppose n = -2*t - 0*t + a. What are the prime factors of t?
2, 5
Suppose -5*c - 3*k + 705 = 0, -3*k + 32 = 2*c - 259. Suppose 278 = 2*b + 3*i, b + 3*i = 2*i + c. List the prime factors of b.
2, 17
Suppose -4*d + 6*b = 4*b - 10578, 7926 = 3*d - 4*b. List the prime factors of d.
2, 3, 7
Suppose -2*s - s + 2*g = -362, 3*g + 248 = 2*s. What are the prime factors of s?
2, 59
Suppose -78 = -5*k + 4*r, 2*k + 2*r + 3*r - 18 = 0. Let w be 4/k - 38/(-14). Suppose -w*u + 21 + 30 = 0. List the prime factors of u.
17
Let x = 145 - 205. What are the prime factors of ((-2)/(-3))/((-2)/x)?
2, 5
Suppose 4 = -y, -2*v + 3*v + 4*y = -11. Let d be (21/28)/(2/(-8))*1. Let i = v + d. What are the prime factors of i?
2
Suppose -5*j - 2*j + 2*j = 0. Suppose -4*q + 138 = -3*q - 5*k, j = -5*q + 2*k + 736. What are the prime factors of q?
2, 37
What are the prime factors of (-10 - -894) + 0 + 4?
2, 3, 37
Suppose 3*i + d - 1334 = 0, -d - 886 = -4*i + 2*i. Suppose -2*k + 7*k = 3*l - 441, -3*l + i = -4*k. List the prime factors of l.
2, 19
List the prime factors of (71/(-142))/(1 - (-3449)/(-3448)).
2, 431
Let t be 4/(-2) - (378/(-3))/2. Suppose -a + t = -104. List the prime factors of a.
3, 5, 11
What are the prime factors of 22872/204 + (-14)/119?
2, 7
Suppose -3*k + 6*k = 15. Suppose 2*j = k*j. Suppose -16*d + 14*d + 116 = j. List the prime factors of d.
2, 29
Let p = 8 - -6. List the prime factors of 1*63 - p/14.
2, 31
Suppose 8*p = 7*p + 15. Suppose -79 - p = -2*u. What are the prime factors of u?
47
Suppose -3*r = -0*r - 9. Let k(q) = -5 + 0 + r - 11*q - q**2. List the prime factors of k(-10).
2
Let m(n) = -n + 2. Let p be m(-5). Let k(r) = -r - 4399 + 4392 + 9*r. What are the prime factors of k(p)?
7
List the prime factors of (-171)/12*(-520)/39.
2, 5, 19
Let u(p) = -8*p + 7. Let o be u(0). Suppose -6*i + o*i = 67. What are the prime factors of i?
67
Let l(a) = 223*a**2 + 3. Let m be l(-2). Suppose -5*u + 5*w - 7*w + m = 0, w - 895 = -5*u. List the prime factors of u.
179
List the prime factors of 73*10 - 56/(-14).
2, 367
Let a(v) = 3*v + 1. Let d be a(-1). Let s = d - -4. Suppose 0 = y - 2*k - 24, 3*y = -s*y + 2*k + 136. What are the prime factors of y?
2, 7
Let y = 12 - 8. Suppose -y*n = n - 40. Let u = 5 + n. What are the prime factors of u?
13
Suppose -24*u + 30*u = 1776. List the prime factors of u.
2, 37
Let k(a) = 3*a + 1. Let r be k(2). Suppose -5*c = -r + 17. List the prime factors of 107/5 + c/5.
3, 7
Let r(v) = 31*v**2 - 82*v - 30. What are the prime factors of r(9)?
3, 7, 83
Suppose 0 = -7*j + 6*j - 5*s - 8, -4*j - 2*s = -4. Let l be 1 - 1 - (0 + 0). Suppose l = j*w - 12 + 2. List the prime factors of w.
5
Let v be -5*5/(-25) - -3. Suppose v*h - 808 = 2*g - 214, 735 = 5*h - g. List the prime factors of h.
2, 73
Let g(y) be the first derivative of 3*y**4/4 - 2*y**2 + 3*y + 2. Let f = -108 + 110. What are the prime factors of g(f)?
19
Suppose -6*g - 2860 = -32*g. What are the prime factors of g?
2, 5, 11
Let u = -19 + 22. Suppose 4*k + o - 147 + 24 = 0, u*o + 34 = k. What are the prime factors of k?
31
Suppose 5745 = -73*q + 76*q + 3*p, -p = 1. What are the prime factors of q?
2, 479
Let r = 314 - 108. Suppose 4*s - r = -3*f, -5*s + 3*f + 115 + 129 = 0. List the prime factors of s.
2, 5
Let j = -705 - -2650. What are the prime factors of j?
5, 389
Suppose 56545 = 62*q - 17173. List the prime factors of q.
29, 41
Let a(s) be the third derivative of s**5/60 - s**3/3 - 2*s**2. Let v be a(-4). Let b(n) = n**3 - 15*n**2 + 15*n + 14. List the prime factors of b(v).
2, 7
Suppose 0 = 5*n - 2*u - 2103, n - 6*n - 3*u + 2108 = 0. What are the prime factors of n?
421
Suppose 11*k - 15*k - 2*b + 470 = 0, b = 2*k - 241. List the prime factors of k.
7, 17
Let t(d) = 4*d**2 + 9*d. Let h be t(6). Suppose 0 = -5*s + 4*v + 468, 0*s + 2*s + 2*v - h = 0. What are the prime factors of s?
2, 3
Suppose 4*j + 7 = 3*i, -3*i = j + i - 3. Let l be -7 + (3/(-2))/((-3)/6). What are the prime factors of (-81)/l - j/(-4)?
2, 5
Let v(x) = 92*x - 391. List the prime factors of v(21).
23, 67
Suppose 4*z = 3*k - 9632, -5*z = -0*k - 3*k + 9628. What are the prime factors of k?
2, 3, 67
Let y(t) = 2*t - 6. Let s be y(6). Let j = s - 3. Suppose -4*w - w = 4*n - 8, j*w = 5*n + 27. List the prime factors of w.
2
Let n(k) = 318*k**2 - 38*k + 73. List the prime factors of n(2).
3, 47
Suppose 7*o - j = 9*o - 769, o + 4*j - 402 = 0. Let d = 669 - o. What are the prime factors of d?
7, 41
Suppose 318912 + 39324 = 62*v. What are the prime factors of v?
2, 3, 107
Suppose n - 6 + 18 = 0. What are the prime factors of (-2555)/(-20) - 3/n?
2
List the prime factors of (-353017)/(-145) + 6/(-10).
2, 1217
Let g = 17 - -211. What are the prime factors of g?
2, 3, 19
Suppose -78 = y - 2*u + 51, -496 = 4*y - 3*u. Let z be 4/22 + 22/y. Suppose i = -z*i + 12. What are the prime factors of i?
2, 3
Let i(p) be the first derivative of 15*p**2/2 + 6*p - 22. What are the prime factors of i(7)?
3, 37
Suppose -5*v - 5*q + 385 = 0, 0 = -9*v + 5*v + 4*q + 340. List the prime factors of v.
3
Let q = -45 + 57. Suppose q = b - 52. What are the prime factors of b?
2
Suppose -4*x - 2049 = -4*t - 3*x, 2*x = -t + 501. What are the prime factors of t?
7, 73
Let f(p) = 3*p**2 - 27*p - 40. What are the prime factors of f(15)?
2, 5, 23
Let a(u) = -u**2 + 10*u - 6. Let v be a(9). Suppose -4*j + v*j = -21. What are the prime factors of j?
3, 7
Suppose -560 = 4*y - 5*z, -4*y - 252 = -3*z + 300. Let r = -15 - y. List the prime factors of r.
2, 3, 5
Let y(z) = 38*z**2 + 16*z + 54. What are the prime factors of y(-6)?
2, 3, 13, 17
Let o = 699 + -178. Let g = -271 + o. What are the prime factors of g?
2, 5
Let l(t) be the second derivative of t**3/6 - t**2/2 + 6*t. Let s be l(9). Suppose 3*b = 25 + s. List the prime factors of b.
11
Suppose z - 32 + 8 = -5*y, 0 = -z + 4*y - 12. Suppose 1 = -z*a + 149. List the prime factors of a.
37
Let l(s) = -17*s + 1. Let o be l(4). Let p = o + 103. List the prime factors of p.
2, 3
Suppose 0 = -74*g + 75*g. Let c be (1 - (1 + 11))*-2. Suppose -3*d + c = -4*s, 2*s = 3*d - g*d - 32. What are the prime factors of d?
2, 7
Suppose -3*k + 15 = 0, -5*k + 0 + 21 = -o. Suppose -o + 2 = h, -2*h = -4*c + 16. List the prime factors of c.
3
Suppose 4*q = 19*q - 3705. What are the prime factors of q?
13, 19
Let w be 1491/45 + (-4)/30. Let p = 36 - w. Suppose -8*j = -p*j - 230. List the prime factors of j.
2, 23
Suppose -2*m = 4*a - 6, -8 = -3*m - 2*a + 13. Let t(k) = k**3 - 8*k**2 + 14*k - 24. What are the prime factors of t(m)?
3, 61
Let y be -84*(-2 + 5/4). Let s = -19 + y. What are the prime factors of s?
2, 11
List the prime factors of -6*(-5 - 70) + 8.
2, 229
What are the prime factors of ((-70)/(-1))/1*966/105?
2, 7, 23
Let u = -45 - -41. Let y = 8 - 11. List the prime factors of (-63 - y)*u/10.
2, 3
Suppose 5*y + 2*s = 147, -3*y - 2*s = -56 - 33. List the prime factors of y.
29
Let o be (2 - -3)/((-1)/(-1)). Suppose -1045 = -5*u - 5*p, 4*u - o*u + 215 = 3*p. What are the prime factors of u?
2, 103
Suppose -11*k - 189 = -4*k. List the prime factors of (-9)/(k/(-2))*-72.
2, 3
What are the prime factors of 1752/(-9)*513/(-36)?
2, 19, 73
Suppose 3*r + 39 = -138. Let d = r + 89. List the prime factors of d.
2, 3, 5
Let l(f) = -2*f + 1. Let i(w) = w. Let a(c) = -3*i(c) - l(c). Let y be a(-3). Suppose y*t = -3*b + 15, -5*t + 2*b + 50 = -3*b. What are the prime factors of t?
3
Let a(w) = 0*w + 10 + 2*w + 2*w. Suppose -17*s = 18 - 290. List the prime factors of a(s).
2, 37
Let z = -2 + 5. Suppose 210 - 795 = -z*p. What are the prime factors of p?
3, 5, 13
Suppose 5*l + 0*l + 4*h - 3556 = 0, 5*h + 1396 = 2*l. What are the prime factors of l?
2, 3, 59
Let v = 26 - 20. List the prime factors of (v - 0)*9/1.
2, 3
Let m = 3484 - 1948. List the prime factors of m.
2, 3
Suppose -1942 = 13*i - 10912. What are the prime factors of i?
2, 3, 5, 23
Suppose -67*t = -66*t - 2. Suppose t*r - 4 = 0, 0 = -5*u + 2*r + 381 + 590. List the prime factors of u.
3, 5, 13
Suppose 3*b + 4*j 